{"id":2991,"date":"2020-07-19T16:54:21","date_gmt":"2020-07-19T20:54:21","guid":{"rendered":"https:\/\/newsettlement.org\/food\/?page_id=2991"},"modified":"2021-07-23T15:00:19","modified_gmt":"2021-07-23T19:00:19","slug":"el-mercado-local-de-la-170","status":"publish","type":"page","link":"https:\/\/newsettlement.org\/food\/es\/el-mercado-local-de-la-170\/","title":{"rendered":"El Mercado Local de la 170"},"content":{"rendered":"<p style=\"text-align: center\"><strong><span style=\"color: #ff6600;font-size: 18pt\">Bienvenidos a Otra Temporada <\/span><\/strong><strong><span style=\"color: #ff6600;font-size: 18pt\">del <\/span><\/strong><\/p>\n<p style=\"text-align: center\"><strong><span style=\"color: #ff6600;font-size: 18pt\">Mercado Local de la 170!<\/span><\/strong><\/p>\n<p style=\"text-align: center\"><em>Nutriendo a Nuestros Vecinxs<\/em><\/p>\n<h2 style=\"text-align: center\"><span style=\"font-size: 14pt\">Todos los Mi\u00e9rcoles de 2:30-6:30pm, llueva o truene<\/span><br \/>\n<span style=\"font-size: 14pt\">Esquina de la Calle 170 &amp; Avenida Townsend, bajo el mural<\/span><\/h2>\n<p style=\"text-align: center\">Desde el 14 de Julio hasta el 24 de Noviembre<\/p>\n<h3 style=\"clear: none;text-align: center\">Aceptamos efectivo, cr\u00e9dito\/d\u00e9bito, EBT\/SNAP,<\/h3>\n<h3 style=\"clear: none;text-align: center\">WIC y Senior FMNP, y Health Bucks<br \/>\nReciba un Health Buck de $2 por cada $2 que gaste con EBT!<\/h3>\n<h3 style=\"clear: none;text-align: center\">Llevese m\u00e1s por menos!<\/h3>\n<p style=\"text-align: center\"><span style=\"font-size: 14pt;color: #ff6600\"><strong>**Recomendamos continuar el uso de tapabocas<\/strong><\/span><\/p>\n<p><a href=\"https:\/\/newsettlement.org\/food\/wp-content\/uploads\/sites\/5\/2019\/06\/20180912_170610.jpg\"><img fetchpriority=\"high\" decoding=\"async\" class=\"aligncenter size-medium wp-image-2412\" src=\"https:\/\/newsettlement.org\/food\/wp-content\/uploads\/sites\/5\/2019\/06\/20180912_170610-300x225.jpg\" alt=\"\" width=\"300\" height=\"225\" srcset=\"https:\/\/newsettlement.org\/food\/wp-content\/uploads\/sites\/5\/2019\/06\/20180912_170610-300x225.jpg 300w, https:\/\/newsettlement.org\/food\/wp-content\/uploads\/sites\/5\/2019\/06\/20180912_170610-768x576.jpg 768w, https:\/\/newsettlement.org\/food\/wp-content\/uploads\/sites\/5\/2019\/06\/20180912_170610-1024x768.jpg 1024w, https:\/\/newsettlement.org\/food\/wp-content\/uploads\/sites\/5\/2019\/06\/20180912_170610-800x600.jpg 800w\" sizes=\"(max-width: 300px) 100vw, 300px\" \/><\/a><\/p>\n<p>El puesto de frutas y verduras de la 170 es un mercado din\u00e1mico dirigido por j\u00f3venes, que ofrece una selecci\u00f3n de alimentos frescos y de alta calidad de agricultores locales, a precios justos y razonables.<\/p>\n<p>Los Mercados de Agricultores son negocios esenciales, seg\u00fan lo determinado por el Estado de Nueva York. Seguimos firmes en nuestro compromiso de proporcionarles a los residentes del Bronx acceso a alimentos de temporada, en la relativa seguridad de un entorno al aire libre.<\/p>\n<p>Nuestros talleres virtuales de Farmers Markets for Kids continuan por Zoom! Acomp\u00e1\u00f1enos todos los Jueves, a las 4:00 pm, desde el 15 de Julio hasta el 2 de Septiembre. Encuentrenos junto al mercadito a partir del 8 de Septiembre en adelante.<\/p>\n<p>No necesita registrarse para los talleres virtuales. Puede ingresar directamente por aqui:<\/p>\n<p><a href=\"https:\/\/newsettlement-org.zoom.us\/j\/89329583948?pwd=L2JWeXoweTVQdmIxREV2TlBQbWUrQT09\"><u>Log in here!<\/u><\/a><\/p>\n<p>O, ingrese con la siguiente informacion:<\/p>\n<p>Meeting ID: 893 2958 3948<br \/>\nPasscode: 862984<\/p>\n<p>Estamos trabajando en reanudar la coleccion de desechos organicos para compostar. Este atento a nuestros anuncios!<\/p>\n<p>Somos el equipo de j\u00f3venes y adultos de la Acci\u00f3n Comunitaria de Alimentaci\u00f3n de New Settlement y creemos que nuestro vecindario merece el mismo acceso a recursos que las \u00e1reas m\u00e1s afluentes de la ciudad de Nueva York. Este a\u00f1o, ya con las restricciones por el COVID 19 levantadas, le podemos finalmente dar la bienvenida a nuestro grupo de jovenes profesionales a quienes les debemos la operacion de este puesto de frutas y verduras; gracias al Programa Juvenil de Empleo de Verano (SYEP, por sus siglas en Ingles).<\/p>\n<p><a href=\"https:\/\/newsettlement.org\/food\/wp-content\/uploads\/sites\/5\/2018\/06\/rf-carlosandboogie-122-of-124-1.jpg\"><img decoding=\"async\" class=\"aligncenter wp-image-1486 size-large\" src=\"https:\/\/newsettlement.org\/food\/wp-content\/uploads\/sites\/5\/2018\/06\/rf-carlosandboogie-122-of-124-1-1024x683.jpg\" alt=\"\" width=\"640\" height=\"427\" srcset=\"https:\/\/newsettlement.org\/food\/wp-content\/uploads\/sites\/5\/2018\/06\/rf-carlosandboogie-122-of-124-1-1024x683.jpg 1024w, https:\/\/newsettlement.org\/food\/wp-content\/uploads\/sites\/5\/2018\/06\/rf-carlosandboogie-122-of-124-1-300x200.jpg 300w, https:\/\/newsettlement.org\/food\/wp-content\/uploads\/sites\/5\/2018\/06\/rf-carlosandboogie-122-of-124-1-768x512.jpg 768w, https:\/\/newsettlement.org\/food\/wp-content\/uploads\/sites\/5\/2018\/06\/rf-carlosandboogie-122-of-124-1-900x600.jpg 900w\" sizes=\"(max-width: 640px) 100vw, 640px\" \/><\/a><\/p>\n<p>Vendemos frutas, verduras y hierbas, huevos y productos secos como miel, frijoles y harina. Todos los productos provienen de peque\u00f1os y medianos agricultores quienes emplean pr\u00e1cticas naturales de cultivo y est\u00e1n comprometidos a usar la menor cantidad posible de pesticidas.<\/p>\n<p style=\"text-align: center\">Para m\u00e1s informaci\u00f3n, puede escribirnos a:<\/p>\n<p style=\"text-align: center\">cfa@newsettlement.org<\/p>\n","protected":false},"excerpt":{"rendered":"<p>Bienvenidos a Otra Temporada del Mercado Local de la 170! Nutriendo a Nuestros Vecinxs Todos los Mi\u00e9rcoles de 2:30-6:30pm, llueva o truene Esquina de la Calle 170 &amp; Avenida Townsend, bajo el mural Desde el 14 de Julio hasta el 24 de Noviembre Aceptamos efectivo, cr\u00e9dito\/d\u00e9bito, EBT\/SNAP, WIC y Senior FMNP, y Health Bucks Reciba [&hellip;]<\/p>\n","protected":false},"author":123,"featured_media":0,"parent":0,"menu_order":0,"comment_status":"closed","ping_status":"closed","template":"","meta":{"_acf_changed":false,"_monsterinsights_skip_tracking":false,"_monsterinsights_sitenote_active":false,"_monsterinsights_sitenote_note":"","_monsterinsights_sitenote_category":0,"_price":"","_stock":"","_tribe_ticket_header":"","_tribe_default_ticket_provider":"","_ticket_start_date":"","_ticket_end_date":"","_tribe_ticket_show_description":"","_tribe_ticket_show_not_going":false,"_tribe_ticket_use_global_stock":"","_tribe_ticket_global_stock_level":"","_global_stock_mode":"","_global_stock_cap":"","_tribe_rsvp_for_event":"","_tribe_ticket_going_count":"","_tribe_ticket_not_going_count":"","_tribe_tickets_list":"[]","_tribe_ticket_has_attendee_info_fields":false,"footnotes":""},"class_list":["post-2991","page","type-page","status-publish","hentry"],"acf":[],"_links":{"self":[{"href":"https:\/\/newsettlement.org\/food\/wp-json\/wp\/v2\/pages\/2991","targetHints":{"allow":["GET"]}}],"collection":[{"href":"https:\/\/newsettlement.org\/food\/wp-json\/wp\/v2\/pages"}],"about":[{"href":"https:\/\/newsettlement.org\/food\/wp-json\/wp\/v2\/types\/page"}],"author":[{"embeddable":true,"href":"https:\/\/newsettlement.org\/food\/wp-json\/wp\/v2\/users\/123"}],"replies":[{"embeddable":true,"href":"https:\/\/newsettlement.org\/food\/wp-json\/wp\/v2\/comments?post=2991"}],"version-history":[{"count":3,"href":"https:\/\/newsettlement.org\/food\/wp-json\/wp\/v2\/pages\/2991\/revisions"}],"predecessor-version":[{"id":3609,"href":"https:\/\/newsettlement.org\/food\/wp-json\/wp\/v2\/pages\/2991\/revisions\/3609"}],"wp:attachment":[{"href":"https:\/\/newsettlement.org\/food\/wp-json\/wp\/v2\/media?parent=2991"}],"curies":[{"name":"wp","href":"https:\/\/api.w.org\/{rel}","templated":true}]}}