{"id":1375,"date":"2018-05-23T16:37:11","date_gmt":"2018-05-23T20:37:11","guid":{"rendered":"https:\/\/newsettlement.org\/food\/?page_id=1375"},"modified":"2019-06-30T20:06:43","modified_gmt":"2019-07-01T00:06:43","slug":"mercado170","status":"publish","type":"page","link":"https:\/\/newsettlement.org\/food\/es\/mercado170\/","title":{"rendered":"Mercado Local de la 170"},"content":{"rendered":"<p style=\"text-align: center\"><span style=\"color: #ff6600\"><span style=\"font-size: 24px\">Apertura el 10 de julio!<\/span><\/span><\/p>\n<p style=\"text-align: center\"><em>Nutriendo Nuestra Comunidad<\/em><\/p>\n<h2 style=\"text-align: center\"><span style=\"font-size: 14pt\">Todos los mi\u00e9rcoles de 2:30 a 6:30pm, llueve o truene<\/span><br \/>\n<span style=\"font-size: 14pt\">Esquina de 170 St. y Townsend Ave, bajo el mural<\/span><\/h2>\n<p style=\"text-align: center\">Del 10 de julio al 27 de noviembre de 2019<a href=\"https:\/\/newsettlement.org\/food\/wp-content\/uploads\/sites\/5\/2019\/06\/20180912_170610-1.jpg\"><img fetchpriority=\"high\" decoding=\"async\" class=\"aligncenter size-medium wp-image-2417\" src=\"https:\/\/newsettlement.org\/food\/wp-content\/uploads\/sites\/5\/2019\/06\/20180912_170610-1-300x225.jpg\" alt=\"\" width=\"300\" height=\"225\" srcset=\"https:\/\/newsettlement.org\/food\/wp-content\/uploads\/sites\/5\/2019\/06\/20180912_170610-1-300x225.jpg 300w, https:\/\/newsettlement.org\/food\/wp-content\/uploads\/sites\/5\/2019\/06\/20180912_170610-1-768x576.jpg 768w, https:\/\/newsettlement.org\/food\/wp-content\/uploads\/sites\/5\/2019\/06\/20180912_170610-1-1024x768.jpg 1024w, https:\/\/newsettlement.org\/food\/wp-content\/uploads\/sites\/5\/2019\/06\/20180912_170610-1-800x600.jpg 800w\" sizes=\"(max-width: 300px) 100vw, 300px\" \/><\/a>Aceptamos efectivo, cr\u00e9dito\/debito, EBT\/SNAP, WIC FMNP, Senior FMNP y Health Bucks.<br \/>\n\u00a1Gasta $5 con EBT y obtiene un cup\u00f3n de $2 (Health Bucks)!<\/p>\n<p>&nbsp;<\/p>\n<p>El Mercado Local de la 170 es un vibrante mercado dirigido por j\u00f3venes, que ofrece una selecci\u00f3n de alimentos frescos y de alta calidad de granjeros locales a precios justos y razonables, educaci\u00f3n sobre el valor de la comida de temporada y un puesto de desechos de comida para los residentes de Mt. Eden de todas las edades. Nosotros somos un equipo de j\u00f3venes y adultos de Acci\u00f3n Comunitaria de Alimentaci\u00f3n en New Settlement que cree que nuestro vecindario merece el mismo acceso a los recursos que las \u00e1reas m\u00e1s ricas de la Ciudad de Nueva York.<a href=\"https:\/\/newsettlement.org\/food\/wp-content\/uploads\/sites\/5\/2018\/06\/rf-carlosandboogie-122-of-124-2.jpg\"><img decoding=\"async\" class=\"aligncenter wp-image-1493 size-large\" src=\"https:\/\/newsettlement.org\/food\/wp-content\/uploads\/sites\/5\/2018\/06\/rf-carlosandboogie-122-of-124-2-1024x683.jpg\" alt=\"\" width=\"640\" height=\"427\" srcset=\"https:\/\/newsettlement.org\/food\/wp-content\/uploads\/sites\/5\/2018\/06\/rf-carlosandboogie-122-of-124-2-1024x683.jpg 1024w, https:\/\/newsettlement.org\/food\/wp-content\/uploads\/sites\/5\/2018\/06\/rf-carlosandboogie-122-of-124-2-300x200.jpg 300w, https:\/\/newsettlement.org\/food\/wp-content\/uploads\/sites\/5\/2018\/06\/rf-carlosandboogie-122-of-124-2-768x512.jpg 768w, https:\/\/newsettlement.org\/food\/wp-content\/uploads\/sites\/5\/2018\/06\/rf-carlosandboogie-122-of-124-2-900x600.jpg 900w\" sizes=\"(max-width: 640px) 100vw, 640px\" \/><\/a>Vendemos frutas, verduras y hierbas, huevos y productos secos como miel, frijoles y harina. Todos los productos provienen de peque\u00f1os y medianos agricultores locales con pr\u00e1cticas de cultivo natural y el compromiso de utilizar la menor cantidad posible de plaguicidas.<\/p>\n<p><a href=\"https:\/\/newsettlement.org\/food\/wp-content\/uploads\/sites\/5\/2019\/06\/DSCN0707-1.jpg\"><img decoding=\"async\" class=\"aligncenter size-medium wp-image-2418\" src=\"https:\/\/newsettlement.org\/food\/wp-content\/uploads\/sites\/5\/2019\/06\/DSCN0707-1-300x225.jpg\" alt=\"\" width=\"300\" height=\"225\" srcset=\"https:\/\/newsettlement.org\/food\/wp-content\/uploads\/sites\/5\/2019\/06\/DSCN0707-1-300x225.jpg 300w, https:\/\/newsettlement.org\/food\/wp-content\/uploads\/sites\/5\/2019\/06\/DSCN0707-1-768x576.jpg 768w, https:\/\/newsettlement.org\/food\/wp-content\/uploads\/sites\/5\/2019\/06\/DSCN0707-1-1024x768.jpg 1024w, https:\/\/newsettlement.org\/food\/wp-content\/uploads\/sites\/5\/2019\/06\/DSCN0707-1-800x600.jpg 800w\" sizes=\"(max-width: 300px) 100vw, 300px\" \/><\/a>\u00a1Visite la carpa de Farmers Markets for Kids para divertirse con talleres de nutrici\u00f3n y cocina para ni\u00f1os! Cada ni\u00f1o (de 3 a 11 a\u00f1os) y su cuidador participar\u00e1n en una lecci\u00f3n, probar\u00e1n una receta hecha con ingredientes que son disponsibles en el mercado, y recibir\u00e1n un cup\u00f3n de &#8220;Health Buck&#8221; que se puede usar para comprar ingredientes y preparar la receta en casa.<\/p>\n<p>\u00a1Trae tus restos de comida a la <a href=\"https:\/\/www.grownyc.org\/compost\/locations\">estaci\u00f3n de compostaje de GrowNYC<\/a>! Sus c\u00e1scaras de huevo, posos de caf\u00e9, adornos de plantas, c\u00e1scaras de verduras y m\u00e1s se utilizar\u00e1n en PS 294 \/ PS 311 para hacer abono para el jard\u00edn de la escuela!<\/p>\n<p><a href=\"https:\/\/newsettlement.org\/food\/wp-content\/uploads\/sites\/5\/2018\/06\/iStock-154955633-e1502744964132-770x462-1.jpg\"><img loading=\"lazy\" decoding=\"async\" class=\"aligncenter wp-image-1673\" src=\"https:\/\/newsettlement.org\/food\/wp-content\/uploads\/sites\/5\/2018\/06\/iStock-154955633-e1502744964132-770x462-1.jpg\" alt=\"\" width=\"640\" height=\"384\" srcset=\"https:\/\/newsettlement.org\/food\/wp-content\/uploads\/sites\/5\/2018\/06\/iStock-154955633-e1502744964132-770x462-1.jpg 770w, https:\/\/newsettlement.org\/food\/wp-content\/uploads\/sites\/5\/2018\/06\/iStock-154955633-e1502744964132-770x462-1-300x180.jpg 300w, https:\/\/newsettlement.org\/food\/wp-content\/uploads\/sites\/5\/2018\/06\/iStock-154955633-e1502744964132-770x462-1-768x461.jpg 768w\" sizes=\"(max-width: 640px) 100vw, 640px\" \/><\/a><\/p>\n<p style=\"text-align: center\">Para m\u00e1s informaci\u00f3n, contacta a:<\/p>\n<p style=\"text-align: center\">718-716-8000<br \/>\n<a href=\"mailto:communityfoodaction@newsettlement.org\">communityfoodaction@newsettlement.org<\/a><\/p>\n<p>&nbsp;<\/p>\n","protected":false},"excerpt":{"rendered":"<p>Apertura el 10 de julio! Nutriendo Nuestra Comunidad Todos los mi\u00e9rcoles de 2:30 a 6:30pm, llueve o truene Esquina de 170 St. y Townsend Ave, bajo el mural Del 10 de julio al 27 de noviembre de 2019Aceptamos efectivo, cr\u00e9dito\/debito, EBT\/SNAP, WIC FMNP, Senior FMNP y Health Bucks. \u00a1Gasta $5 con EBT y obtiene un [&hellip;]<\/p>\n","protected":false},"author":31,"featured_media":0,"parent":0,"menu_order":0,"comment_status":"closed","ping_status":"closed","template":"","meta":{"_acf_changed":false,"_monsterinsights_skip_tracking":false,"_monsterinsights_sitenote_active":false,"_monsterinsights_sitenote_note":"","_monsterinsights_sitenote_category":0,"_price":"","_stock":"","_tribe_ticket_header":"","_tribe_default_ticket_provider":"","_ticket_start_date":"","_ticket_end_date":"","_tribe_ticket_show_description":"","_tribe_ticket_show_not_going":false,"_tribe_ticket_use_global_stock":"","_tribe_ticket_global_stock_level":"","_global_stock_mode":"","_global_stock_cap":"","_tribe_rsvp_for_event":"","_tribe_ticket_going_count":"","_tribe_ticket_not_going_count":"","_tribe_tickets_list":"[]","_tribe_ticket_has_attendee_info_fields":false,"footnotes":""},"class_list":["post-1375","page","type-page","status-publish","hentry"],"acf":[],"_links":{"self":[{"href":"https:\/\/newsettlement.org\/food\/wp-json\/wp\/v2\/pages\/1375","targetHints":{"allow":["GET"]}}],"collection":[{"href":"https:\/\/newsettlement.org\/food\/wp-json\/wp\/v2\/pages"}],"about":[{"href":"https:\/\/newsettlement.org\/food\/wp-json\/wp\/v2\/types\/page"}],"author":[{"embeddable":true,"href":"https:\/\/newsettlement.org\/food\/wp-json\/wp\/v2\/users\/31"}],"replies":[{"embeddable":true,"href":"https:\/\/newsettlement.org\/food\/wp-json\/wp\/v2\/comments?post=1375"}],"version-history":[{"count":4,"href":"https:\/\/newsettlement.org\/food\/wp-json\/wp\/v2\/pages\/1375\/revisions"}],"predecessor-version":[{"id":2423,"href":"https:\/\/newsettlement.org\/food\/wp-json\/wp\/v2\/pages\/1375\/revisions\/2423"}],"wp:attachment":[{"href":"https:\/\/newsettlement.org\/food\/wp-json\/wp\/v2\/media?parent=1375"}],"curies":[{"name":"wp","href":"https:\/\/api.w.org\/{rel}","templated":true}]}}