{"id":103,"date":"2016-02-08T21:07:00","date_gmt":"2016-02-08T21:07:00","guid":{"rendered":"http:\/\/newsettlement.org\/casa\/press\/jerome-ave-rezoning\/"},"modified":"2018-06-07T11:45:51","modified_gmt":"2018-06-07T15:45:51","slug":"jerome-ave-rezoning","status":"publish","type":"page","link":"https:\/\/newsettlement.org\/casa\/press\/jerome-ave-rezoning\/","title":{"rendered":"Jerome Ave Rezoning"},"content":{"rendered":"<h3><a href=\"https:\/\/citylimits.org\/2018\/04\/09\/call-for-crackdown-on-rent-fraud-in-rezoning-neighborhoods\/\/\">Call for Crackdown on \u2018Rent Fraud\u2019 in Rezoning Neighborhoods<\/a><\/h3>\n<p>CityLimits, April 9, 2018<\/p>\n<h3><a href=\"https:\/\/www.youtube.com\/watch?v=Su94bm3cWoM&amp;feature=youtu.be\">BronxTalk: Jerome Avenue Rezoning Plan<\/a><\/h3>\n<p>BronxTalk, April 3, 2018<\/p>\n<h3><a href=\"http:\/\/bronx.news12.com\/story\/37790407\/city-council-approves-jerome-avenue-revitalization-project\">City Council approves Jerome Avenue revitalization project<\/a><\/h3>\n<p>Bronx News 12, March 22, 2018<\/p>\n<h3><a href=\"https:\/\/citylimits.org\/2018\/03\/16\/bronx-coalition-on-jerome-ave-rezoning-deal-unacceptable\/\">Bronx Coalition on Jerome Ave Rezoning Deal: \u2018Unacceptable\u2019<\/a><\/h3>\n<p>CityLimits, March 16, 2018<\/p>\n<h3><a href=\"https:\/\/citylimits.org\/2017\/11\/30\/most-impoverished-rezoning-neighborhood-speaks-out-at-hearing\/\">Most Impoverished Rezoning Neighborhood Speaks Out At Hearing<\/a><\/h3>\n<p>CityLimits, November 30, 2017<\/p>\n<h3><a href=\"https:\/\/www.bronxnet.org\/watch\/videos\/4072\/?topicId=23\">OPEN: Rezoning of Jerome Avenue (VIDEO)<\/a><\/h3>\n<p>BronxNet, November 15, 2017<\/p>\n<h3><a href=\"http:\/\/www.ny1.com\/nyc\/bronx\/news\/2017\/11\/03\/bronx-residents-weigh-in-on-jerome-ave--rezoning-plan\">Bronx Residents Weigh-in on Jerome Ave Rezoning Plan (VIDEO)<\/a><\/h3>\n<p>NY1, November 3, 2017<\/p>\n<h3><a href=\"http:\/\/www.norwoodnews.org\/id=24598&amp;story=at-jerome-avenue-rezoning-many-locals-blast-plan\/\">At Jerome Avenue Rezoning, Many Locals Blast Plan<\/a><\/h3>\n<p>Norwood News, November 3, 2017<\/p>\n<h3><a href=\"https:\/\/citylimits.org\/2017\/11\/03\/bronx-bp-hears-from-the-public-on-a-rezoning-most-are-against-it\/\">Bronx BP Hears From the Public on a Rezoning. Most Are Against It.<\/a><\/h3>\n<p>CityLimits, November 3, 2017<\/p>\n<h3><a href=\"http:\/\/bronx.news12.com\/story\/36752488\/city-lays-out-plan-for-jerome-avenue-rezoning-plan\">City lays out plans for Jerome Avenue rezoning (VIDEO)<\/a><\/h3>\n<p>Bronx News 12, November 2, 2017<\/p>\n<h3><a href=\"https:\/\/www.bxtimes.com\/stories\/2017\/41\/41-jerome-2017-10-13-bx.html\">Protesters march against Jerome Avenue rezoning<\/a><\/h3>\n<p>Bronx Times, October 13, 2017<\/p>\n<h3><a href=\"http:\/\/nycitylens.com\/2017\/10\/bronx-residents-fight-jerome-avenue-rezoning\/\">The Bronx Develops: Jerome Avenue Rezoning and the Southwest Bronx<\/a><\/h3>\n<p>Autobody News, October 11, 2017<\/p>\n<h3><a href=\"http:\/\/www.autobodynews.com\/index.php\/northeastern\/item\/13977-the-bronx-develops-jerome-avenue-rezoning-and-the-southwest-bronx.html\">Bronx Residents Fight Jerome Avenue Rezoning<\/a><\/h3>\n<p>NY City Lens, October 10, 2017<\/p>\n<h3><a>Carmen Vega-Rivera Interview on Jerome Ave Plan Certification<\/a><\/h3>\n<audio class=\"wp-audio-shortcode\" id=\"audio-103-1\" preload=\"none\" style=\"width: 100%;\" controls=\"controls\"><source type=\"audio\/mpeg\" src=\"https:\/\/nsacasa.files.wordpress.com\/2015\/03\/carmenvega-rivera-sergio-cuevas-int-8-31-17.mp3?_=1\" \/><a href=\"https:\/\/nsacasa.files.wordpress.com\/2015\/03\/carmenvega-rivera-sergio-cuevas-int-8-31-17.mp3\">https:\/\/nsacasa.files.wordpress.com\/2015\/03\/carmenvega-rivera-sergio-cuevas-int-8-31-17.mp3<\/a><\/audio>\n<p>WBAI, August 31, 2017<\/p>\n<h3><a href=\"https:\/\/citylimits.org\/2017\/08\/22\/following-weekend-protest-jerome-avenue-rezoning-moves-forward-to-public-review\/\">Following Weekend Protest, Jerome Avenue Rezoning Moves Forward to Public Review<\/a><\/h3>\n<p>CityLimits, August 22, 2017<\/p>\n<h3><a href=\"http:\/\/bronx.news12.com\/story\/36173723\/hundreds-march-against-rezoning-plans-for-jerome-ave\">Hundreds march against rezoning plans for Jerome Ave. (VIDEO)<\/a><\/h3>\n<p>Bronx 12 News, August 19, 2017<\/p>\n<h3><a href=\"http:\/\/citylimits.org\/2017\/05\/31\/cityviews-city-must-address-the-reality-of-tenant-displacement\/\">CityViews: City Must Address the Reality of Tenant Displacement<\/a><\/h3>\n<p>CityLimits, May 31, 2017<\/p>\n<h3><a href=\"http:\/\/www.bxtimes.com\/stories\/2017\/21\/21-casa-2017-05-26-bx.html\">CASA discusses strategy to fend off displacement<\/a><\/h3>\n<p>Bronx Times, May 26, 2017<\/p>\n<h3><a href=\"http:\/\/bronx.news12.com\/story\/35462766\/bx-residents-worried-rezoning-plan-will-push-them-out\">BX residents worried rezoning plan will push them out<\/a><\/h3>\n<p>Bronx 12, May 18, 2017<\/p>\n<h3><a href=\"http:\/\/citylimits.org\/2017\/05\/18\/tenant-group-outlines-fears-about-rezonings-and-a-path-around-them\/\">Tenant Group Outlines Fears About Rezonings\u2014and a Path Around Them<\/a><\/h3>\n<p>CityLimits, May 18, 2017<\/p>\n<h3><a href=\"https:\/\/nextcity.org\/daily\/entry\/south-bronx-rezoning-auto-repair-shops-bill\">Help for NYC Auto Repair Shops Could Save Thousands of Jobs<\/a><\/h3>\n<p>Next City, March 22, 2017<\/p>\n<h3><a href=\"http:\/\/www.bxtimes.com\/stories\/2017\/10\/10-jeromerezone-2017-03-10-bx.html?utm_medium=web&amp;utm_campaign=module&amp;utm_source=similar&amp;utm_content=intra\">Gibson, Cabrera attend Jerome Ave. rezone meeting<\/a><\/h3>\n<p>Bronx Times, March 11, 2017<\/p>\n<h3><a href=\"http:\/\/citylimits.org\/2016\/11\/01\/do-nycs-middle-class-families-really-need-affordable-housing\/\">Do NYC\u2019s Middle-Class Families Really Need Affordable Housing?<\/a><\/h3>\n<p>CityLimits, November 1, 2016<\/p>\n<h3><a href=\"http:\/\/www.ny1noticias.com\/nyc\/twc-ny1-noticias\/noticias\/2016\/10\/3\/la-rezonificacion-municipal-podria-afectar-a-los-propietarios-de-pequenos-negocios.html?cid=twitter_NY1Noticias\">La rezonificaci\u00f3n municipal podr\u00eda afectar a los propietarios de peque\u00f1os negocios<\/a><\/h3>\n<p>NY1 Noticias, October 3, 2016<\/p>\n<h3><a href=\"http:\/\/citylimits.org\/2016\/09\/30\/first-official-hearing-on-jerome-avenue-rezoning-attracts-list-of-demands\/\">First Official Hearing on Jerome Avenue Rezoning Attracts List of Demands<\/a><\/h3>\n<p>CityLimits, September 30, 2016<\/p>\n<h3><a href=\"http:\/\/nuarchive.wbai.org\/mp3\/wbai_160830_090000gmus.mp3\">Interview with Carmen Vega-Rivera on Global Movements, Urban Struggles<\/a><\/h3>\n<p>WBAI, August 30, 2016<\/p>\n<h3><a href=\"http:\/\/citylimits.org\/2016\/08\/08\/tests-loom-for-de-blasios-approach-to-community-planning\/\">Tests Loom for De Blasio\u2019s Approach to Community Planning<\/a><\/h3>\n<p>CityLimits, August 8, 2016<\/p>\n<h3><a href=\"http:\/\/www.villagevoice.com\/news\/brooklynizing-the-bronx-will-the-boogie-downs-boom-leave-thousands-of-workers-in-the-dust-8902461\">Brooklynizing the Bronx: Will the Boogie Down\u2019s Boom Leave Thousands of Workers in the Dust?<\/a><\/h3>\n<p>Village Voice, July 27, 2016<\/p>\n<h3><a href=\"http:\/\/www.bxtimes.com\/stories\/2016\/17\/17-jerome-2016-04-22-bx.html\">Bronx Coalition sends rezoning letter to DCP<\/a><\/h3>\n<p>Bronx Times, April 23, 2016<\/p>\n<h3><a href=\"http:\/\/citylimits.org\/2016\/04\/19\/other-nabes-and-de-blasio-team-draw-lessons-from-east-new-york-rezoning-struggle\/\">Other Nabes and de Blasio Team Draw Lessons from East New York Rezoning Struggle<\/a><\/h3>\n<p>CityLimits News, April 19, 2016<\/p>\n<h3><a href=\"http:\/\/bronx.news12.com\/news\/residents-wary-of-jerome-ave-rezoning-plan-1.11710503#autoplay=true\">VIDEO: Residents Wary of Jerome Avenue Rezoning Plan<\/a><\/h3>\n<p>Bronx 12 News, April 18, 2016<\/p>\n<h3><a href=\"http:\/\/citylimits.org\/2016\/04\/18\/bronx-groups-push-city-for-detailed-study-of-rezonings-impact\/\">Bronx Groups Push City for Detailed Study of Rezoning\u2019s Impact<\/a><\/h3>\n<p>CityLimits News, April 18, 2016<\/p>\n<h3><a href=\"http:\/\/thebronxchronicle.com\/2016\/02\/26\/comptroller-stringer-toured-businesses-with-casa-bronx-on-friday-february-19\/\">Comptroller Stringer toured businesses with CASA Bronx on Friday, February 19<\/a><\/h3>\n<p>Bronx Chronicle, February 26, 2016<\/p>\n<h3><a href=\"http:\/\/citylimits.org\/2016\/02\/25\/cityviewsfour-wrong-ideas-driving-de-blasios-housing-plan\/\">CityViews: Four Wrong Ideas Driving de Blasio\u2019s Housing Plan<\/a><\/h3>\n<p>CityLimits, February 25, 2016<\/p>\n<h3><a href=\"http:\/\/bronx.news12.com\/news\/advocates-credit-checks-limit-affordable-housing-chances-1.11499221?pts=238441\">Advocates: Credit checks limit affordable housing chances<\/a><\/h3>\n<p>Bronx 12 News, February 22, 2016<\/p>\n<h3><a href=\"http:\/\/cityandstateny.com\/articles\/politics\/new-york-city\/credit-scores-yet-another-obstacle-in-the-quest-for-affordable-housing.html#.VwV2RE8rKUm\">Credit Scores Yet Another Obstacle in the Quest for Affordable Housing<\/a><\/h3>\n<p>City and State, February 19, 2016<\/p>\n<h3><a href=\"http:\/\/www.bronxnet.org\/index.php?option=com_hwdvideoshare&amp;task=viewvideo&amp;Itemid=325&amp;video_id=6705\">Third annual Bronx Gentrification Conference in Mount Eden<\/a><\/h3>\n<p>Bronx Times, January 16, 2016<\/p>\n<h3><a>Carmen Vega-Rivera Interview on Gentrification Conference<\/a><\/h3>\n<audio class=\"wp-audio-shortcode\" id=\"audio-103-2\" preload=\"none\" style=\"width: 100%;\" controls=\"controls\"><source type=\"audio\/mpeg\" src=\"http:\/\/nuarchive.wbai.org\/mp3\/wbai_160830_090000gmus.mp3?_=2\" \/><a href=\"http:\/\/nuarchive.wbai.org\/mp3\/wbai_160830_090000gmus.mp3\">http:\/\/nuarchive.wbai.org\/mp3\/wbai_160830_090000gmus.mp3<\/a><\/audio>\n<p>WBAI, January 14, 2016<\/p>\n<h3><a href=\"http:\/\/www.bronxnet.org\/index.php?option=com_hwdvideoshare&amp;task=viewvideo&amp;Itemid=325&amp;video_id=6705\">VIDEO: 3rd Annual Bronx Gentrification Conference<\/a><\/h3>\n<p>BronxNet, January 14,2016<\/p>\n<h3><a href=\"http:\/\/citylimits.org\/2016\/01\/14\/de-blasio-housing-plan-hung-up-as-much-on-distrust-than-details\/\">De Blasio Plan Hung Up as Much on Distrust Than Details<\/a><\/h3>\n<p>City Limits, January 14, 2016<\/p>\n<h3><a href=\"http:\/\/www.motthavenherald.com\/2016\/01\/13\/residents-organize-against-gentrification\/\">Conference Revisits Rezoning Controversy<\/a><\/h3>\n<p>Mott Haven Herald, January 13, 2016<\/p>\n<h3><a href=\"http:\/\/www.metro.us\/new-york\/bronx-residents-organized-community-meeting-to-fight-back-against-gentrification\/zsJpak---5SSZac5r2ATI\/\">Bronx Group Vows to Fight Against\u00a0Gentrification<\/a><\/h3>\n<p>Metro, January 10, 2016<\/p>\n<h3><a href=\"http:\/\/pix11.com\/2015\/11\/12\/plans-for-new-development-in-the-bronx-brings-gentrification-worries\/\">CASA Leader, Carmen Vega-Rivera on Concerns in the Bronx<\/a><\/h3>\n<p>Channel 11, November 12, 2015<\/p>\n<h3><a href=\"http:\/\/www.bxtimes.com\/stories\/2015\/44\/44-jerome-10-30-2015-bx_2015_44.html\">Forum on rezoning plan encourages community participation<\/a><\/h3>\n<p>Bronx Times, November 3, 2015<\/p>\n<h3><a href=\"http:\/\/citylimits.org\/2015\/10\/23\/bronx-groups-issue-detailed-demands-for-de-blasio-rezoning\/\">Bronx Groups Issue Detailed Demands for de Blasio Rezoning<\/a><\/h3>\n<p>City Limits, October 23, 2015<\/p>\n<h3><a href=\"http:\/\/bronx.news12.com\/news\/residents-city-discuss-jerome-ave-construction-1.10995133\">Residents, City Discuss Jerome Ave. Construction<\/a><\/h3>\n<p>Bronx News 12, October 21, 2015<\/p>\n<h3><a href=\"http:\/\/therealdeal.com\/blog\/2015\/10\/21\/south-bronx-residents-skeptical-of-de-blasio-rezoning-plan\/\">South Bronx Residents Skeptical of de Blasio Rezoning Plan<\/a><\/h3>\n<p>The Real Deal, October 21, 2015<\/p>\n<h3><a href=\"http:\/\/observer.com\/2015\/10\/on-the-market-stuy-town-deja-vu-one-millionth-tree-to-be-planted-today\/\">On the Market: Stuy-Town Deja Vu? One Millionth Tree to be Planted Today<\/a><\/h3>\n<p>This overview of events from the week highlights CASA\u2019s Jerome Ave Rezoning Campaign and the importance of our Policy Platform.<br \/>\nObserver, October 21, 2015<\/p>\n<h3><a href=\"http:\/\/www.wsj.com\/articles\/rezoning-worries-in-south-bronx-1445387982\">Rezoning Worries in South Bronx<\/a><\/h3>\n<p>Wall Street Journal, October 21, 2015<\/p>\n<h3><a href=\"http:\/\/www.dnainfo.com\/new-york\/20150922\/downtown-brooklyn\/affordable-housing-protesters-say-mayors-plan-leaves-poor-behind\">Community Raises Concerns over Mayor\u2019s Plan<\/a><\/h3>\n<p>DNA Info, September 22, 2015<\/p>\n<h3><a href=\"http:\/\/gothamist.com\/2015\/09\/21\/affordable_housing_east_ny.php\">Housing Advocates Fear East New York is the Next Williamsburg<\/a><\/h3>\n<p>Gothamist, September 21, 2015<\/p>\n<h3><a href=\"http:\/\/www.nytimes.com\/2015\/05\/15\/nyregion\/de-blasios-housing-push-spurs-anxiety-among-those-its-meant-to-help.html?ref=nyregion\">De Blasio\u2019s Housing Plan Spurs Anxiety<\/a><\/h3>\n<p>The New York Times, May 14, 2015<\/p>\n<h3><a href=\"http:\/\/www.dnainfo.com\/new-york\/20150513\/east-new-york\/hundreds-rally-east-new-york-for-community-input-citys-rezoning-plan\">Hundreds Rally in East New York to Demand Community Input<\/a><\/h3>\n<p>DNA Info, May 13, 2015<\/p>\n<h3><a href=\"https:\/\/indypendent.org\/sites\/default\/files\/205Opt.pdf\">A Tale of Two Bronxes<\/a><\/h3>\n<p>Indypendent, April 2015<\/p>\n<h3><a href=\"http:\/\/www.bronxnet.org\/tv\/bronxtalk\/viewvideo\/5269\/bronxtalk\/bronxtalk--mar-16-2015\">CASA Leader Carmen Vega-Rivera and Barrie Smith, from Local 79 on BronxNet<\/a><\/h3>\n<p>Bronx Net, March 17, 2015<\/p>\n<h3><a href=\"http:\/\/cityandstateny.com\/27\/all-videos\/policy\/fitzroy-christian.html#.V8YEM00rKUk\">CASA Leader Fitzroy Christian on City and State<\/a><\/h3>\n<p>City and State, March 16, 2015<\/p>\n<h3><a href=\"http:\/\/bronx.news12.com\/news\/community-raises-concerns-over-rezoning-of-jerome-avenue-corridor-1.10024365\">Community raises concerns over rezoning plan<\/a><\/h3>\n<p>Bronx 12 Covers our Forum on March 5th!<br \/>\nMarch 5, 2015<\/p>\n<h3><a href=\"http:\/\/www.bronxnet.org\/tv\/viewvideo\/5199\/open--featured-interviews\/community-participation-in-rezoning\">CASA Leaders on Bronx Net talking about the importance of Community Participation<\/a><\/h3>\n<p>Bronx Net, March 1, 2015<\/p>\n","protected":false},"excerpt":{"rendered":"<p>Call for Crackdown on \u2018Rent Fraud\u2019 in Rezoning Neighborhoods CityLimits, April 9, 2018 BronxTalk: Jerome Avenue Rezoning Plan BronxTalk, April 3, 2018 City Council approves Jerome Avenue revitalization project Bronx News 12, March 22, 2018 Bronx Coalition on Jerome Ave Rezoning Deal: \u2018Unacceptable\u2019 CityLimits, March 16, 2018 Most Impoverished Rezoning Neighborhood Speaks Out At Hearing [&hellip;]<\/p>\n","protected":false},"author":1,"featured_media":0,"parent":11,"menu_order":9,"comment_status":"closed","ping_status":"closed","template":"","meta":{"_acf_changed":false,"give_campaign_id":0,"_monsterinsights_skip_tracking":false,"_monsterinsights_sitenote_active":false,"_monsterinsights_sitenote_note":"","_monsterinsights_sitenote_category":0,"_price":"","_stock":"","_tribe_ticket_header":"","_tribe_default_ticket_provider":"","_ticket_start_date":"","_ticket_end_date":"","_tribe_ticket_show_description":"","_tribe_ticket_show_not_going":false,"_tribe_ticket_use_global_stock":"","_tribe_ticket_global_stock_level":"","_global_stock_mode":"","_global_stock_cap":"","_tribe_rsvp_for_event":"","_tribe_ticket_going_count":"","_tribe_ticket_not_going_count":"","_tribe_tickets_list":"[]","_tribe_ticket_has_attendee_info_fields":false,"footnotes":""},"class_list":["post-103","page","type-page","status-publish","hentry"],"acf":[],"campaignId":"","_links":{"self":[{"href":"https:\/\/newsettlement.org\/casa\/wp-json\/wp\/v2\/pages\/103","targetHints":{"allow":["GET"]}}],"collection":[{"href":"https:\/\/newsettlement.org\/casa\/wp-json\/wp\/v2\/pages"}],"about":[{"href":"https:\/\/newsettlement.org\/casa\/wp-json\/wp\/v2\/types\/page"}],"author":[{"embeddable":true,"href":"https:\/\/newsettlement.org\/casa\/wp-json\/wp\/v2\/users\/1"}],"replies":[{"embeddable":true,"href":"https:\/\/newsettlement.org\/casa\/wp-json\/wp\/v2\/comments?post=103"}],"version-history":[{"count":3,"href":"https:\/\/newsettlement.org\/casa\/wp-json\/wp\/v2\/pages\/103\/revisions"}],"predecessor-version":[{"id":2545,"href":"https:\/\/newsettlement.org\/casa\/wp-json\/wp\/v2\/pages\/103\/revisions\/2545"}],"up":[{"embeddable":true,"href":"https:\/\/newsettlement.org\/casa\/wp-json\/wp\/v2\/pages\/11"}],"wp:attachment":[{"href":"https:\/\/newsettlement.org\/casa\/wp-json\/wp\/v2\/media?parent=103"}],"curies":[{"name":"wp","href":"https:\/\/api.w.org\/{rel}","templated":true}]}}